{"id":6752,"date":"2026-03-16T11:25:08","date_gmt":"2026-03-16T10:25:08","guid":{"rendered":"https:\/\/www.van-away.com\/vente-vans\/?post_type=product&#038;p=6752"},"modified":"2026-04-26T09:56:59","modified_gmt":"2026-04-26T07:56:59","slug":"tente-de-toit-naitup-duo","status":"publish","type":"product","link":"https:\/\/www.van-away.com\/vente-vans\/p\/tente-de-toit-naitup-duo","title":{"rendered":"Tente de toit Naitup Duo"},"content":{"rendered":"<p>Tente Naitup fabriqu\u00e9 en France!<\/p>\n<p>Elle s\u2019ouvre et se ferme en 30 secondes et se fixe rapidement gr\u00e2ce au syst\u00e8me NuFix.<\/p>\n<p>Son design inclut une grande porte, une grande fen\u00eatre avec moustiquaires et deux fen\u00eatres lat\u00e9rales cristal avec volet pour une a\u00e9ration optimale.<\/p>\n<p>Capacit\u00e9 : 2 adultes &#8211; Espace de couchage : 120\u00d7210 cm &#8211; Hauteur int\u00e9rieure : 150 cm &#8211; 3 ouvertures compl\u00e8tes (gauche, droite et arri\u00e8re) avec moustiquaires amovibles \u00e0 l\u2019ext\u00e9rieur.<\/p>\n<p>&nbsp;<\/p>\n<p>Valeur neuve: 3090\u20ac<\/p>\n<p>R\u00e9duction de 15%!<\/p>\n<p>Prix de vente: 2626\u20ac<\/p>\n","protected":false},"excerpt":{"rendered":"<p>Cette tente est disponible dans votre agence Van Away Tours!<\/p>\n<p>En tant que professionnels passionn\u00e9s, nous prenons le temps de vous accompagner pleinement dans votre achat : explications d\u00e9taill\u00e9es, mise en main compl\u00e8te, conseils personnalis\u00e9s\u2026 Tout est fait pour que vous partiez sereins, avec toutes les cl\u00e9s en main. Et m\u00eame apr\u00e8s l\u2019achat, nous restons disponibles pour r\u00e9pondre \u00e0 toutes vos questions.<\/p>\n<p>&nbsp;<\/p>\n<p>Vous souhaitez venir voir le v\u00e9hicule ou finaliser votre achat sur place ? Nous vous accueillons avec plaisir et pouvons m\u00eame venir vous chercher gratuitement \u00e0 la gare ou \u00e0 l\u2019a\u00e9roport de Tours.<\/p>\n<p>&nbsp;<\/p>\n<p>\u00c0 tr\u00e8s bient\u00f4t chez Van Away Tours !<\/p>\n","protected":false},"featured_media":6755,"template":"","meta":{"_acf_changed":false,"_seopress_robots_primary_cat":"none","_seopress_titles_title":"","_seopress_titles_desc":"","_seopress_robots_index":"","inline_featured_image":false},"product_brand":[],"product_cat":[32,62],"product_tag":[],"options":[],"class_list":{"0":"post-6752","1":"product","2":"type-product","3":"status-publish","4":"has-post-thumbnail","6":"product_cat-accessoires-amenagements","7":"product_cat-tente-de-toit","9":"first","10":"instock","11":"taxable","12":"shipping-taxable","13":"purchasable","14":"product-type-simple"},"acf":[],"_links":{"self":[{"href":"https:\/\/www.van-away.com\/vente-vans\/wp-json\/wp\/v2\/product\/6752","targetHints":{"allow":["GET"]}}],"collection":[{"href":"https:\/\/www.van-away.com\/vente-vans\/wp-json\/wp\/v2\/product"}],"about":[{"href":"https:\/\/www.van-away.com\/vente-vans\/wp-json\/wp\/v2\/types\/product"}],"wp:featuredmedia":[{"embeddable":true,"href":"https:\/\/www.van-away.com\/vente-vans\/wp-json\/wp\/v2\/media\/6755"}],"wp:attachment":[{"href":"https:\/\/www.van-away.com\/vente-vans\/wp-json\/wp\/v2\/media?parent=6752"}],"wp:term":[{"taxonomy":"product_brand","embeddable":true,"href":"https:\/\/www.van-away.com\/vente-vans\/wp-json\/wp\/v2\/product_brand?post=6752"},{"taxonomy":"product_cat","embeddable":true,"href":"https:\/\/www.van-away.com\/vente-vans\/wp-json\/wp\/v2\/product_cat?post=6752"},{"taxonomy":"product_tag","embeddable":true,"href":"https:\/\/www.van-away.com\/vente-vans\/wp-json\/wp\/v2\/product_tag?post=6752"},{"taxonomy":"options","embeddable":true,"href":"https:\/\/www.van-away.com\/vente-vans\/wp-json\/wp\/v2\/options?post=6752"}],"curies":[{"name":"wp","href":"https:\/\/api.w.org\/{rel}","templated":true}]}}

<p>Tente Naitup fabriqué en France!</p>
<p>Elle s’ouvre et se ferme en 30 secondes et se fixe rapidement grâce au système NuFix.</p>
<p>Son design inclut une grande porte, une grande fenêtre avec moustiquaires et deux fenêtres latérales cristal avec volet pour une aération optimale.</p>
<p>Capacité : 2 adultes &#8211; Espace de couchage : 120×210 cm &#8211; Hauteur intérieure : 150 cm &#8211; 3 ouvertures complètes (gauche, droite et arrière) avec moustiquaires amovibles à l’extérieur.</p>
<p>&nbsp;</p>
<p>Valeur neuve: 3090€</p>
<p>Réduction de 15%!</p>
<p>Prix de vente: 2626€</p>

<p>Cette tente est disponible dans votre agence Van Away Tours!</p>
<p>En tant que professionnels passionnés, nous prenons le temps de vous accompagner pleinement dans votre achat : explications détaillées, mise en main complète, conseils personnalisés… Tout est fait pour que vous partiez sereins, avec toutes les clés en main. Et même après l’achat, nous restons disponibles pour répondre à toutes vos questions.</p>
<p>&nbsp;</p>
<p>Vous souhaitez venir voir le véhicule ou finaliser votre achat sur place ? Nous vous accueillons avec plaisir et pouvons même venir vous chercher gratuitement à la gare ou à l’aéroport de Tours.</p>
<p>&nbsp;</p>
<p>À très bientôt chez Van Away Tours !</p>
