{"id":6662,"date":"2026-03-11T10:33:27","date_gmt":"2026-03-11T09:33:27","guid":{"rendered":"https:\/\/www.van-away.com\/vente-vans\/?post_type=product&#038;p=6662"},"modified":"2026-03-11T10:39:04","modified_gmt":"2026-03-11T09:39:04","slug":"volkswagen-transporter-t6-1-de-mars-2024-amenage-van-mania-copie","status":"publish","type":"product","link":"https:\/\/www.van-away.com\/vente-vans\/p\/volkswagen-transporter-t6-1-de-mars-2024-amenage-van-mania-copie","title":{"rendered":"Volkswagen Transporter T6.1 de Mars 2024 am\u00e9nag\u00e9 Van Mania"},"content":{"rendered":"<p>Volkswagen Transporter T6.1 <strong>150 CH boite BVM6<\/strong> am\u00e9nag\u00e9 avec kit amovible VAN-MANIA, mod\u00e8le Nord<strong> faible kilom\u00e9trage<\/strong><\/p>\n<p><strong>DISPONIBLE IMMEDIATEMENT<\/strong><\/p>\n<p>Kilom\u00e9trage estim\u00e9 pour la vente\u00a0 : 6000KMS<\/p>\n<p><strong>TVA RECUPERABLE pour les professionnels (carte grise CTTE)<\/strong><\/p>\n<p>Am\u00e9nagement tr\u00e8s <strong>fonctionnel<\/strong> sur ce Transporter <strong>tr\u00e8s bien \u00e9quip\u00e9<\/strong>, pour 2 ou 3 personnes. Les plus : am\u00e9nagement d\u00e9montable en 10 minutes<\/p>\n<p>Lit peigne double 135X190<\/p>\n<p>Frigo \u00e0 compression tiroir 20 litres<\/p>\n<p>Evier et douchette avec r\u00e9serve d&rsquo;eau de 24 litres + 12 litres en eaux us\u00e9es<\/p>\n<p>R\u00e9chaud portatif 1 feu<\/p>\n<p>Multi rangements avec table amovible (int\u00e9rieur \/ ext\u00e9rieur) + 2 fauteuils pliables et compacts (neufs) inclus<\/p>\n<p>En option sur le Transporter inclus :<\/p>\n<p>Chauffage stationnaire<\/p>\n<p>Attelage amovible<\/p>\n<p>Hayon arri\u00e8re vitr\u00e9<\/p>\n<p>Radars avant et arri\u00e8re<\/p>\n<p>Connexion Apple Carplay<\/p>\n<p><strong>Extension garantie de 2 ans OFFERTE<\/strong><\/p>\n<p>&nbsp;<\/p>\n<p>&nbsp;<\/p>\n<p>&nbsp;<\/p>\n<p>&nbsp;<\/p>\n<p>&nbsp;<\/p>\n","protected":false},"excerpt":{"rendered":"<p>L\u2019agence VAN-AWAY Bordeaux vous propose des v\u00e9hicules r\u00e9cents enti\u00e8rement r\u00e9vis\u00e9s et sous garantie constructeur !<\/p>\n<p>Tous nos v\u00e9hicules sont des occasions r\u00e9centes parfaitement entretenus et vendus dans un \u00e9tat proche du neuf.<\/p>\n<p>Nous connaissons bien nos vans et nos fourgons; Autonomie, fonctionnement, choses \u00e0 faire et \u00e0 ne pas faire : nous prendrons au minimum une heure ensemble pour que vous maitrisiez l\u2019utilisation et l\u2019entretien de votre v\u00e9hicule, afin d\u2019en faire le meilleur usage ! Et en cas de question apr\u00e8s l\u2019achat\u2026 nous sommes l\u00e0 !<\/p>\n","protected":false},"featured_media":6444,"template":"","meta":{"_acf_changed":false,"_seopress_robots_primary_cat":"none","_seopress_titles_title":"","_seopress_titles_desc":"","_seopress_robots_index":"","inline_featured_image":false},"product_brand":[],"product_cat":[35,31],"product_tag":[],"options":[],"class_list":{"0":"post-6662","1":"product","2":"type-product","3":"status-publish","4":"has-post-thumbnail","6":"product_cat-van","7":"product_cat-vehicules","9":"first","10":"instock","11":"purchasable","12":"product-type-simple"},"acf":[],"_links":{"self":[{"href":"https:\/\/www.van-away.com\/vente-vans\/wp-json\/wp\/v2\/product\/6662","targetHints":{"allow":["GET"]}}],"collection":[{"href":"https:\/\/www.van-away.com\/vente-vans\/wp-json\/wp\/v2\/product"}],"about":[{"href":"https:\/\/www.van-away.com\/vente-vans\/wp-json\/wp\/v2\/types\/product"}],"wp:featuredmedia":[{"embeddable":true,"href":"https:\/\/www.van-away.com\/vente-vans\/wp-json\/wp\/v2\/media\/6444"}],"wp:attachment":[{"href":"https:\/\/www.van-away.com\/vente-vans\/wp-json\/wp\/v2\/media?parent=6662"}],"wp:term":[{"taxonomy":"product_brand","embeddable":true,"href":"https:\/\/www.van-away.com\/vente-vans\/wp-json\/wp\/v2\/product_brand?post=6662"},{"taxonomy":"product_cat","embeddable":true,"href":"https:\/\/www.van-away.com\/vente-vans\/wp-json\/wp\/v2\/product_cat?post=6662"},{"taxonomy":"product_tag","embeddable":true,"href":"https:\/\/www.van-away.com\/vente-vans\/wp-json\/wp\/v2\/product_tag?post=6662"},{"taxonomy":"options","embeddable":true,"href":"https:\/\/www.van-away.com\/vente-vans\/wp-json\/wp\/v2\/options?post=6662"}],"curies":[{"name":"wp","href":"https:\/\/api.w.org\/{rel}","templated":true}]}}

Volkswagen Transporter T6.1 de Mars 2024 aménagé Van Mania

<p>Volkswagen Transporter T6.1 <strong>150 CH boite BVM6</strong> aménagé avec kit amovible VAN-MANIA, modèle Nord<strong> faible kilométrage</strong></p>
<p><strong>DISPONIBLE IMMEDIATEMENT</strong></p>
<p>Kilométrage estimé pour la vente  : 6000KMS</p>
<p><strong>TVA RECUPERABLE pour les professionnels (carte grise CTTE)</strong></p>
<p>Aménagement très <strong>fonctionnel</strong> sur ce Transporter <strong>très bien équipé</strong>, pour 2 ou 3 personnes. Les plus : aménagement démontable en 10 minutes</p>
<p>Lit peigne double 135X190</p>
<p>Frigo à compression tiroir 20 litres</p>
<p>Evier et douchette avec réserve d&rsquo;eau de 24 litres + 12 litres en eaux usées</p>
<p>Réchaud portatif 1 feu</p>
<p>Multi rangements avec table amovible (intérieur / extérieur) + 2 fauteuils pliables et compacts (neufs) inclus</p>
<p>En option sur le Transporter inclus :</p>
<p>Chauffage stationnaire</p>
<p>Attelage amovible</p>
<p>Hayon arrière vitré</p>
<p>Radars avant et arrière</p>
<p>Connexion Apple Carplay</p>
<p><strong>Extension garantie de 2 ans OFFERTE</strong></p>
<p>&nbsp;</p>
<p>&nbsp;</p>
<p>&nbsp;</p>
<p>&nbsp;</p>
<p>&nbsp;</p>

<p>L’agence VAN-AWAY Bordeaux vous propose des véhicules récents entièrement révisés et sous garantie constructeur !</p>
<p>Tous nos véhicules sont des occasions récentes parfaitement entretenus et vendus dans un état proche du neuf.</p>
<p>Nous connaissons bien nos vans et nos fourgons; Autonomie, fonctionnement, choses à faire et à ne pas faire : nous prendrons au minimum une heure ensemble pour que vous maitrisiez l’utilisation et l’entretien de votre véhicule, afin d’en faire le meilleur usage ! Et en cas de question après l’achat… nous sommes là !</p>
