{"id":6615,"date":"2026-03-07T13:10:23","date_gmt":"2026-03-07T12:10:23","guid":{"rendered":"https:\/\/www.van-away.com\/vente-vans\/?post_type=product&#038;p=6615"},"modified":"2026-03-09T12:16:24","modified_gmt":"2026-03-09T11:16:24","slug":"nouveau-california-t7-blanc-dsg7-avec-attelage","status":"publish","type":"product","link":"https:\/\/www.van-away.com\/vente-vans\/p\/nouveau-california-t7-blanc-dsg7-avec-attelage","title":{"rendered":"Nouveau California T7 Blanc DSG7 avec attelage"},"content":{"rendered":"<p>Nouveau Volkswagen California T7 Coast DSG7 bo\u00eete automatique 150 CV,1\u00e8re main immatricul\u00e9 26\/12\/2025 Garantie 5 ans<\/p>\n<p>(Semi-covering en option selon vos souhaits)<\/p>\n<p>&nbsp;<\/p>\n","protected":false},"excerpt":{"rendered":"<p>Nouveau\u00a0<strong>Volkswagen California T7 Coast<\/strong>\u00a0: encore plus de confort et d\u2019innovation, avec\u00a0<strong>cuisine donnant sur l\u2019ext\u00e9rieur<\/strong>\u00a0!<\/p>\n<p>Ce van allie le charme iconique du California \u00e0 des\u00a0<strong>technologies modernes<\/strong>, un\u00a0<strong>confort de route remarquable<\/strong>\u00a0et des\u00a0<strong>finitions et mat\u00e9riaux soign\u00e9s<\/strong>.<\/p>\n<p>Le gros plus :\u00a0<strong>garantie 5 ans dans tout le r\u00e9seau Volkswagen<\/strong>.<\/p>\n<p><strong>\u00c9tat impeccable garanti pour la livraison<\/strong><br \/>\nNettoyage professionnel inclus.<\/p>\n<p><strong>Essai possible \u00e0 la location<\/strong>, rembours\u00e9 en cas d\u2019achat<br \/>\n(jusqu\u2019\u00e0\u00a0<strong>3 jours<\/strong>).<\/p>\n<p>Nous disposons actuellement de\u00a0<strong>4 finitions diff\u00e9rentes<\/strong>, en versions\u00a0<strong>Coast et Ocean<\/strong>.<\/p>\n<p>D\u2019autres mod\u00e8les seront\u00a0<strong>prochainement disponibles \u00e0 la vente<\/strong>, avec des tarifs compris\u00a0<strong>entre 60 900 \u20ac et 72 000 \u20ac<\/strong>.<\/p>\n<p><strong>Plus de photos sur demande.<\/strong><br \/>\nNous pouvons \u00e9galement vous proposer des\u00a0<strong>visios pour d\u00e9couvrir ce van \u00e0 distance<\/strong>.<\/p>\n<p>N\u2019h\u00e9sitez pas \u00e0\u00a0<strong>nous contacter afin de d\u00e9finir le mod\u00e8le qui correspondra le mieux \u00e0 vos besoins<\/strong>.<\/p>\n","protected":false},"featured_media":6655,"template":"","meta":{"_acf_changed":false,"_seopress_robots_primary_cat":"none","_seopress_titles_title":"","_seopress_titles_desc":"","_seopress_robots_index":"","inline_featured_image":false},"product_brand":[],"product_cat":[35,31],"product_tag":[],"options":[],"class_list":{"0":"post-6615","1":"product","2":"type-product","3":"status-publish","4":"has-post-thumbnail","6":"product_cat-van","7":"product_cat-vehicules","9":"first","10":"instock","11":"sale","12":"taxable","13":"shipping-taxable","14":"purchasable","15":"product-type-simple"},"acf":[],"_links":{"self":[{"href":"https:\/\/www.van-away.com\/vente-vans\/wp-json\/wp\/v2\/product\/6615","targetHints":{"allow":["GET"]}}],"collection":[{"href":"https:\/\/www.van-away.com\/vente-vans\/wp-json\/wp\/v2\/product"}],"about":[{"href":"https:\/\/www.van-away.com\/vente-vans\/wp-json\/wp\/v2\/types\/product"}],"wp:featuredmedia":[{"embeddable":true,"href":"https:\/\/www.van-away.com\/vente-vans\/wp-json\/wp\/v2\/media\/6655"}],"wp:attachment":[{"href":"https:\/\/www.van-away.com\/vente-vans\/wp-json\/wp\/v2\/media?parent=6615"}],"wp:term":[{"taxonomy":"product_brand","embeddable":true,"href":"https:\/\/www.van-away.com\/vente-vans\/wp-json\/wp\/v2\/product_brand?post=6615"},{"taxonomy":"product_cat","embeddable":true,"href":"https:\/\/www.van-away.com\/vente-vans\/wp-json\/wp\/v2\/product_cat?post=6615"},{"taxonomy":"product_tag","embeddable":true,"href":"https:\/\/www.van-away.com\/vente-vans\/wp-json\/wp\/v2\/product_tag?post=6615"},{"taxonomy":"options","embeddable":true,"href":"https:\/\/www.van-away.com\/vente-vans\/wp-json\/wp\/v2\/options?post=6615"}],"curies":[{"name":"wp","href":"https:\/\/api.w.org\/{rel}","templated":true}]}}

<p>Nouveau Volkswagen California T7 Coast DSG7 boîte automatique 150 CV,1ère main immatriculé 26/12/2025 Garantie 5 ans</p>
<p>(Semi-covering en option selon vos souhaits)</p>
<p>&nbsp;</p>

<p>Nouveau <strong>Volkswagen California T7 Coast</strong> : encore plus de confort et d’innovation, avec <strong>cuisine donnant sur l’extérieur</strong> !</p>
<p>Ce van allie le charme iconique du California à des <strong>technologies modernes</strong>, un <strong>confort de route remarquable</strong> et des <strong>finitions et matériaux soignés</strong>.</p>
<p>Le gros plus : <strong>garantie 5 ans dans tout le réseau Volkswagen</strong>.</p>
<p><strong>État impeccable garanti pour la livraison</strong><br />
Nettoyage professionnel inclus.</p>
<p><strong>Essai possible à la location</strong>, remboursé en cas d’achat<br />
(jusqu’à <strong>3 jours</strong>).</p>
<p>Nous disposons actuellement de <strong>4 finitions différentes</strong>, en versions <strong>Coast et Ocean</strong>.</p>
<p>D’autres modèles seront <strong>prochainement disponibles à la vente</strong>, avec des tarifs compris <strong>entre 60 900 € et 72 000 €</strong>.</p>
<p><strong>Plus de photos sur demande.</strong><br />
Nous pouvons également vous proposer des <strong>visios pour découvrir ce van à distance</strong>.</p>
<p>N’hésitez pas à <strong>nous contacter afin de définir le modèle qui correspondra le mieux à vos besoins</strong>.</p>
