{"id":6560,"date":"2026-02-27T17:48:37","date_gmt":"2026-02-27T16:48:37","guid":{"rendered":"https:\/\/www.van-away.com\/vente-vans\/?post_type=product&#038;p=6560"},"modified":"2026-03-12T11:20:21","modified_gmt":"2026-03-12T10:20:21","slug":"renault-trafic-iii-kit-est-vanmania-798","status":"publish","type":"product","link":"https:\/\/www.van-away.com\/vente-vans\/p\/renault-trafic-iii-kit-est-vanmania-798","title":{"rendered":"Renault Trafic III \u2013 Kit EST VanMania \u2013 798"},"content":{"rendered":"<p>D\u00e9couvrez notre Renault Trafic III \u00e9quip\u00e9 du Kit Est VanMania. L\u2019am\u00e9nagement Est pour v\u00e9hicule utilitaire est un grand classique, utilis\u00e9 depuis des ann\u00e9es dans le Volkswagen California et aujourd\u2019hui revisit\u00e9 par Van Mania. Polyvalent et fonctionnel, il s\u00e9duit le plus grand nombre, que ce soit pour un usage quotidien ou pour des escapades en couple ou en petite famille, gr\u00e2ce \u00e0 ses 3 places route. Et une fois le kit retir\u00e9 (en 15 minutes top chrono !), le v\u00e9hicule retrouve pleinement son usage utilitaire !<\/p>\n<p><span class=\"OYPEnA font-feature-liga-off font-feature-clig-off font-feature-calt-off text-decoration-none text-strikethrough-none\">Renault Trafic L1H1 DCI120 BVM<\/span><\/p>\n<p>ABS, AIRBAGS, BOITE 6 VITESSES, EXTENSION DE GARANTIE POSSIBLE, GARANTIE 6 MOIS INCLUS, KIT BOIS, PORT JACK, PORT USB, RADIO, RETROVISEURS ELECTRIQUES, VERROUILLAGE CENTRALISE, VITRES ELECTRIQUES<\/p>\n<p>REF : <span class=\"a_GcMg font-feature-liga-off font-feature-clig-off font-feature-calt-off text-decoration-none text-strikethrough-none\">798<\/span><\/p>\n","protected":false},"excerpt":{"rendered":"<p class=\"p1\">\u00c0 l\u2019agence VAN-AWAY Remouill\u00e9, Antoine et son \u00e9quipe vous accueillent avec passion et authenticit\u00e9. Baroudeur dans l\u2019\u00e2me, Antoine a parcouru l\u2019Europe et l\u2019Oc\u00e9anie en van am\u00e9nag\u00e9 et met aujourd\u2019hui son exp\u00e9rience au service de vos projets d\u2019\u00e9vasion.<\/p>\n<p class=\"p1\">Depuis 2016, il explore toutes les facettes de l\u2019univers du van am\u00e9nag\u00e9. Son savoir-faire et son \u00e9quipe de passionn\u00e9s du van garantissent des v\u00e9hicules pens\u00e9s dans les moindres d\u00e9tails, r\u00e9cents, entretenus et pr\u00eats \u00e0 prendre la route.<\/p>\n<p class=\"p1\">Lors de la remise des cl\u00e9s, l\u2019\u00e9quipe prend le temps de vous pr\u00e9senter le v\u00e9hicule afin que vous partiez en toute confiance. Et parce que l\u2019accompagnement continue apr\u00e8s le d\u00e9part, VAN-AWAY Remouill\u00e9 reste \u00e0 votre \u00e9coute avant comme apr\u00e8s votre achat.<\/p>\n<p class=\"p1\">Avec VAN-AWAY Remouill\u00e9, partez l\u2019esprit libre !<\/p>\n<p data-start=\"1754\" data-end=\"1842\">Avec VAN-AWAY Marne-la-Vall\u00e9e, partez l\u2019esprit libre : vous \u00eates entre de bonnes mains !<\/p>\n","protected":false},"featured_media":6567,"template":"","meta":{"_acf_changed":false,"_seopress_robots_primary_cat":"none","_seopress_titles_title":"","_seopress_titles_desc":"","_seopress_robots_index":"","inline_featured_image":false},"product_brand":[],"product_cat":[35,31],"product_tag":[],"options":[93,113,103,110,96,108,92,105,104,94,95,101],"class_list":{"0":"post-6560","1":"product","2":"type-product","3":"status-publish","4":"has-post-thumbnail","6":"product_cat-van","7":"product_cat-vehicules","9":"first","10":"instock","11":"taxable","12":"shipping-taxable","13":"purchasable","14":"product-type-simple"},"acf":[],"_links":{"self":[{"href":"https:\/\/www.van-away.com\/vente-vans\/wp-json\/wp\/v2\/product\/6560","targetHints":{"allow":["GET"]}}],"collection":[{"href":"https:\/\/www.van-away.com\/vente-vans\/wp-json\/wp\/v2\/product"}],"about":[{"href":"https:\/\/www.van-away.com\/vente-vans\/wp-json\/wp\/v2\/types\/product"}],"wp:featuredmedia":[{"embeddable":true,"href":"https:\/\/www.van-away.com\/vente-vans\/wp-json\/wp\/v2\/media\/6567"}],"wp:attachment":[{"href":"https:\/\/www.van-away.com\/vente-vans\/wp-json\/wp\/v2\/media?parent=6560"}],"wp:term":[{"taxonomy":"product_brand","embeddable":true,"href":"https:\/\/www.van-away.com\/vente-vans\/wp-json\/wp\/v2\/product_brand?post=6560"},{"taxonomy":"product_cat","embeddable":true,"href":"https:\/\/www.van-away.com\/vente-vans\/wp-json\/wp\/v2\/product_cat?post=6560"},{"taxonomy":"product_tag","embeddable":true,"href":"https:\/\/www.van-away.com\/vente-vans\/wp-json\/wp\/v2\/product_tag?post=6560"},{"taxonomy":"options","embeddable":true,"href":"https:\/\/www.van-away.com\/vente-vans\/wp-json\/wp\/v2\/options?post=6560"}],"curies":[{"name":"wp","href":"https:\/\/api.w.org\/{rel}","templated":true}]}}