{"id":6280,"date":"2026-01-17T16:01:53","date_gmt":"2026-01-17T15:01:53","guid":{"rendered":"https:\/\/www.van-away.com\/vente-vans\/?post_type=product&#038;p=6280"},"modified":"2026-01-17T16:02:03","modified_gmt":"2026-01-17T15:02:03","slug":"kit-nord-neuf-modele-expo-pour-renault-trafic","status":"publish","type":"product","link":"https:\/\/www.van-away.com\/vente-vans\/p\/kit-nord-neuf-modele-expo-pour-renault-trafic","title":{"rendered":"Kit Nord neuf (mod\u00e8le expo) pour Renault Trafic"},"content":{"rendered":"<p>Kit VAN-MANIA Nord neuf mod\u00e8le expo \u00e0 saisir pour Renault Trafic.<\/p>\n<p>Inclut :<\/p>\n<ul>\n<li>Kit blanc bambou + plancher + sellerie couleur Feeling (beige clair) + Table int\u00e9rieure \/ ext\u00e9rieure<\/li>\n<li>Douchette cuisine (valeur option 150\u20ac)<\/li>\n<li>Meuble sup\u00e9rieur arri\u00e8re gauche (valeur option 150\u20ac<\/li>\n<\/ul>\n<p>Prix catalogue : 6300\u20ac avec installation inclue. Prix de vente : 5900\u20ac<\/p>\n<p>En options possibles sur devis :<\/p>\n<ul>\n<li>Isolation<\/li>\n<li>Habillages parois v\u00e9hicule<\/li>\n<li>Batterie auxiliaire AGM ou Lithium<\/li>\n<li>Frigo<\/li>\n<li>Rideaux occultants<\/li>\n<li>Chargeur 220V<\/li>\n<li>Panneau solaire<\/li>\n<li>Eau chaude<\/li>\n<\/ul>\n","protected":false},"excerpt":{"rendered":"<p>L\u2019agence VAN-AWAY Toulouse vous propose des kits d&rsquo;am\u00e9nagement VAN-MANIA neufs mont\u00e9s dans votre propre v\u00e9hicule !<\/p>\n<p>Ce kit d&rsquo;expo convient pour un Renault Trafic Utilitaire L1. Il peut s&rsquo;agr\u00e9menter des options de votre choix : batterie auxiliaire, frigo, isolation, habillages parois et plafond, rideaux, embase si\u00e8ge pivotante, etc.<\/p>\n<p>Mod\u00e8le d&rsquo;expo neuf : disponible imm\u00e9diatement, et b\u00e9n\u00e9ficiez de 400\u20ac de remise par rapport \u00e0 un kit sur commande !<\/p>\n<p>Il est livr\u00e9 install\u00e9 dans votre v\u00e9hicule : vous pourrez en profiter imm\u00e9diatement !<\/p>\n<p>Kit d\u00e9montable garantie \u00e0 vie, fonctionnel et made in France : b\u00e9n\u00e9ficiez de la qualit\u00e9 de la marque VAN-MANIA !<\/p>\n","protected":false},"featured_media":6307,"template":"","meta":{"_acf_changed":false,"_seopress_robots_primary_cat":"none","_seopress_titles_title":"Kit van mania Nord mod\u00e8le expo disponible imm\u00e9diatement","_seopress_titles_desc":"Kit VAN MANIA Nord pour renault Trafic disponible imm\u00e9diatement, mod\u00e8le expo, couleur blanc bambou et sellerie \u00e9cru; Mobilier, cuisine, lit peigne. Pour Renault Trafic utilitaire L1","_seopress_robots_index":"","inline_featured_image":false},"product_brand":[166],"product_cat":[32,58],"product_tag":[],"options":[93,122,124,96,132,127,134,119,126,92,125,120,121,95,101],"class_list":{"0":"post-6280","1":"product","2":"type-product","3":"status-publish","4":"has-post-thumbnail","6":"product_brand-kit-van-mania","7":"product_cat-accessoires-amenagements","8":"product_cat-kit","10":"first","11":"instock","12":"taxable","13":"shipping-taxable","14":"purchasable","15":"product-type-simple"},"acf":[],"_links":{"self":[{"href":"https:\/\/www.van-away.com\/vente-vans\/wp-json\/wp\/v2\/product\/6280","targetHints":{"allow":["GET"]}}],"collection":[{"href":"https:\/\/www.van-away.com\/vente-vans\/wp-json\/wp\/v2\/product"}],"about":[{"href":"https:\/\/www.van-away.com\/vente-vans\/wp-json\/wp\/v2\/types\/product"}],"wp:featuredmedia":[{"embeddable":true,"href":"https:\/\/www.van-away.com\/vente-vans\/wp-json\/wp\/v2\/media\/6307"}],"wp:attachment":[{"href":"https:\/\/www.van-away.com\/vente-vans\/wp-json\/wp\/v2\/media?parent=6280"}],"wp:term":[{"taxonomy":"product_brand","embeddable":true,"href":"https:\/\/www.van-away.com\/vente-vans\/wp-json\/wp\/v2\/product_brand?post=6280"},{"taxonomy":"product_cat","embeddable":true,"href":"https:\/\/www.van-away.com\/vente-vans\/wp-json\/wp\/v2\/product_cat?post=6280"},{"taxonomy":"product_tag","embeddable":true,"href":"https:\/\/www.van-away.com\/vente-vans\/wp-json\/wp\/v2\/product_tag?post=6280"},{"taxonomy":"options","embeddable":true,"href":"https:\/\/www.van-away.com\/vente-vans\/wp-json\/wp\/v2\/options?post=6280"}],"curies":[{"name":"wp","href":"https:\/\/api.w.org\/{rel}","templated":true}]}}

Kit Nord neuf (modèle expo) pour Renault Trafic

<p>Kit VAN-MANIA Nord neuf modèle expo à saisir pour Renault Trafic.</p>
<p>Inclut :</p>
<ul>
<li>Kit blanc bambou + plancher + sellerie couleur Feeling (beige clair) + Table intérieure / extérieure</li>
<li>Douchette cuisine (valeur option 150€)</li>
<li>Meuble supérieur arrière gauche (valeur option 150€</li>
</ul>
<p>Prix catalogue : 6300€ avec installation inclue. Prix de vente : 5900€</p>
<p>En options possibles sur devis :</p>
<ul>
<li>Isolation</li>
<li>Habillages parois véhicule</li>
<li>Batterie auxiliaire AGM ou Lithium</li>
<li>Frigo</li>
<li>Rideaux occultants</li>
<li>Chargeur 220V</li>
<li>Panneau solaire</li>
<li>Eau chaude</li>
</ul>

<p>L’agence VAN-AWAY Toulouse vous propose des kits d&rsquo;aménagement VAN-MANIA neufs montés dans votre propre véhicule !</p>
<p>Ce kit d&rsquo;expo convient pour un Renault Trafic Utilitaire L1. Il peut s&rsquo;agrémenter des options de votre choix : batterie auxiliaire, frigo, isolation, habillages parois et plafond, rideaux, embase siège pivotante, etc.</p>
<p>Modèle d&rsquo;expo neuf : disponible immédiatement, et bénéficiez de 400€ de remise par rapport à un kit sur commande !</p>
<p>Il est livré installé dans votre véhicule : vous pourrez en profiter immédiatement !</p>
<p>Kit démontable garantie à vie, fonctionnel et made in France : bénéficiez de la qualité de la marque VAN-MANIA !</p>

Kit van mania Nord modèle expo disponible immédiatement

Kit VAN MANIA Nord pour renault Trafic disponible immédiatement, modèle expo, couleur blanc bambou et sellerie écru; Mobilier, cuisine, lit peigne. Pour Renault Trafic utilitaire L1
