{"id":6085,"date":"2026-01-17T19:15:58","date_gmt":"2026-01-17T18:15:58","guid":{"rendered":"https:\/\/www.van-away.com\/vente-vans\/?post_type=product&#038;p=6085"},"modified":"2026-04-03T10:34:59","modified_gmt":"2026-04-03T08:34:59","slug":"volkswagen-california-coast-t6-1-6","status":"publish","type":"product","link":"https:\/\/www.van-away.com\/vente-vans\/p\/volkswagen-california-coast-t6-1-6","title":{"rendered":"Volkswagen California Coast T6.1"},"content":{"rendered":"<p style=\"font-weight: 400;\">Vente occasion r\u00e9cente d\u2019un superbe van Volkswagen California Coast DSG7, \u00e9quip\u00e9 en exclusivit\u00e9 VAN-AWAY de l\u2019eau chaude\u00a0! Ce v\u00e9hicule est vendu dans un tr\u00e8s bon \u00e9tat g\u00e9n\u00e9ral, r\u00e9vision faite r\u00e9cemment et entretiens r\u00e9guliers.<\/p>\n<p>&nbsp;<\/p>\n","protected":false},"excerpt":{"rendered":"<p>Nous connaissons nos vans par c\u0153ur ! Autonomie, fonctionnement, ce qu\u2019il faut faire et ne pas faire: nous prendrons au minimum une heure ensemble pour que vous ma\u00eetrisiez l\u2019utilisation et l\u2019entretien de votre v\u00e9hicule, afin d\u2019en faire le meilleur usage ! Et en cas de besoin apr\u00e8s l\u2019achat \u2026 nous serons \u00e0 votre disposition pour vous aider !<\/p>\n<p>Le van n\u2019a jamais \u00e9t\u00e9 accident\u00e9 et n\u2019a jamais subi de panne. En exclusivit\u00e9 Van-Away, il dispose d\u2019une douche chaude \u00e0 l\u2019arri\u00e8re !<\/p>\n<p>Parfaitement entretenu et contr\u00f4l\u00e9 rigoureusement par Volkswagen et nous-m\u00eame.<br \/>\nIl n\u2019attends que son nouveau propri\u00e9taire pour \u00ab rouler \u00bb des jours heureux \ud83d\ude42<\/p>\n","protected":false},"featured_media":6285,"template":"","meta":{"_acf_changed":false,"_seopress_robots_primary_cat":"none","_seopress_titles_title":"","_seopress_titles_desc":"","_seopress_robots_index":"","inline_featured_image":false},"product_brand":[],"product_cat":[35,31],"product_tag":[],"options":[93],"class_list":{"0":"post-6085","1":"product","2":"type-product","3":"status-publish","4":"has-post-thumbnail","6":"product_cat-van","7":"product_cat-vehicules","9":"first","10":"instock","11":"taxable","12":"shipping-taxable","13":"purchasable","14":"product-type-simple"},"acf":[],"_links":{"self":[{"href":"https:\/\/www.van-away.com\/vente-vans\/wp-json\/wp\/v2\/product\/6085","targetHints":{"allow":["GET"]}}],"collection":[{"href":"https:\/\/www.van-away.com\/vente-vans\/wp-json\/wp\/v2\/product"}],"about":[{"href":"https:\/\/www.van-away.com\/vente-vans\/wp-json\/wp\/v2\/types\/product"}],"wp:featuredmedia":[{"embeddable":true,"href":"https:\/\/www.van-away.com\/vente-vans\/wp-json\/wp\/v2\/media\/6285"}],"wp:attachment":[{"href":"https:\/\/www.van-away.com\/vente-vans\/wp-json\/wp\/v2\/media?parent=6085"}],"wp:term":[{"taxonomy":"product_brand","embeddable":true,"href":"https:\/\/www.van-away.com\/vente-vans\/wp-json\/wp\/v2\/product_brand?post=6085"},{"taxonomy":"product_cat","embeddable":true,"href":"https:\/\/www.van-away.com\/vente-vans\/wp-json\/wp\/v2\/product_cat?post=6085"},{"taxonomy":"product_tag","embeddable":true,"href":"https:\/\/www.van-away.com\/vente-vans\/wp-json\/wp\/v2\/product_tag?post=6085"},{"taxonomy":"options","embeddable":true,"href":"https:\/\/www.van-away.com\/vente-vans\/wp-json\/wp\/v2\/options?post=6085"}],"curies":[{"name":"wp","href":"https:\/\/api.w.org\/{rel}","templated":true}]}}

<p style="font-weight: 400;">Vente occasion récente d’un superbe van Volkswagen California Coast DSG7, équipé en exclusivité VAN-AWAY de l’eau chaude ! Ce véhicule est vendu dans un très bon état général, révision faite récemment et entretiens réguliers.</p>
<p>&nbsp;</p>

<p>Nous connaissons nos vans par cœur ! Autonomie, fonctionnement, ce qu’il faut faire et ne pas faire: nous prendrons au minimum une heure ensemble pour que vous maîtrisiez l’utilisation et l’entretien de votre véhicule, afin d’en faire le meilleur usage ! Et en cas de besoin après l’achat … nous serons à votre disposition pour vous aider !</p>
<p>Le van n’a jamais été accidenté et n’a jamais subi de panne. En exclusivité Van-Away, il dispose d’une douche chaude à l’arrière !</p>
<p>Parfaitement entretenu et contrôlé rigoureusement par Volkswagen et nous-même.<br />
Il n’attends que son nouveau propriétaire pour « rouler » des jours heureux 🙂</p>
