{"id":4514,"date":"2025-10-28T12:28:49","date_gmt":"2025-10-28T11:28:49","guid":{"rendered":"https:\/\/www.van-away.com\/vente-vans\/?post_type=product&#038;p=4514"},"modified":"2025-10-28T12:36:57","modified_gmt":"2025-10-28T11:36:57","slug":"la-mini-box-van","status":"publish","type":"product","link":"https:\/\/www.van-away.com\/vente-vans\/p\/la-mini-box-van","title":{"rendered":"La MINI-BOX Van Mania"},"content":{"rendered":"<p><strong>L\u2019essentiel en deux poign\u00e9es ! Encore plus compacte que la BOX, cette toute petite malle de coffre est une proposition toute nouvelle !<\/strong><\/p>\n<p>Avec un lit de 140\u00d7190 cm, vous n\u2019aurez qu\u2019un pas de c\u00f4t\u00e9 \u00e0 faire c\u00f4t\u00e9 coffre pour acc\u00e9der \u00e0 l\u2019essentiel de votre nouvelle vanlife. Comme les poup\u00e9es russes, on ouvre une boite et d\u2019autres apparaissent !<\/p>\n<h4><b>La MINI BOX comprend :<\/b><\/h4>\n<ul>\n<li>Une structure, et un syst\u00e8me d\u2019ancrage \u00e0 sangles ou \u00e0 l\u2019aide de molette de serrage, de 110cm de largeur, 66 cm de profondeur et 54cm de hauteur.<\/li>\n<li>Un couchage en 140 x 190 cm et d\u2019\u00e9paisseur 8 cm, housse compris (densit\u00e9 HR35).<\/li>\n<\/ul>\n","protected":false},"excerpt":{"rendered":"<p data-start=\"353\" data-end=\"682\">\u00c0 l\u2019agence VAN-AWAY Marne-la-Vall\u00e9e, c\u2019est \u00c9lisabeth qui vous accueille avec le sourire et une passion communicative pour les voyages. Apr\u00e8s avoir sillonn\u00e9 les routes du Canada et de l\u2019Australie en van am\u00e9nag\u00e9, elle a pos\u00e9 ses valises \u00e0 Marne-la-Vall\u00e9e pour partager son exp\u00e9rience et vous accompagner dans vos propres aventures.<\/p>\n<p data-start=\"684\" data-end=\"1045\">Avec plus de 4 ans d\u2019exp\u00e9rience \u00e0 l\u2019<a href=\"https:\/\/www.van-away.com\/agences\/paris-est\">agence de location Paris-Est<\/a>, \u00c9lisabeth conna\u00eet chaque van sur le bout des doigts. Tous nos v\u00e9hicules sont des occasions r\u00e9centes, entretenues et r\u00e9vis\u00e9es. Il sont pr\u00eats \u00e0 prendre la route en toute confiance !<\/p>\n<p data-start=\"1047\" data-end=\"1376\">Lors de la remise des cl\u00e9s, comptez sur une pr\u00e9sentation compl\u00e8te du v\u00e9hicule. Nous prenons le temps n\u00e9cessaire pour que vous soyez parfaitement \u00e0 l\u2019aise avant de partir. Et si vous avez des questions apr\u00e8s l\u2019achat, \u00c9lisabeth reste disponible pour vous aider.<\/p>\n","protected":false},"featured_media":4517,"template":"","meta":{"_acf_changed":false,"_seopress_robots_primary_cat":"none","_seopress_titles_title":"","_seopress_titles_desc":"","_seopress_robots_index":"","inline_featured_image":false},"product_brand":[],"product_cat":[32,58],"product_tag":[],"options":[122,127,119,126,125,131,120],"class_list":{"0":"post-4514","1":"product","2":"type-product","3":"status-publish","4":"has-post-thumbnail","6":"product_cat-accessoires-amenagements","7":"product_cat-kit","9":"first","10":"instock","11":"taxable","12":"shipping-taxable","13":"purchasable","14":"product-type-simple"},"acf":[],"_links":{"self":[{"href":"https:\/\/www.van-away.com\/vente-vans\/wp-json\/wp\/v2\/product\/4514","targetHints":{"allow":["GET"]}}],"collection":[{"href":"https:\/\/www.van-away.com\/vente-vans\/wp-json\/wp\/v2\/product"}],"about":[{"href":"https:\/\/www.van-away.com\/vente-vans\/wp-json\/wp\/v2\/types\/product"}],"wp:featuredmedia":[{"embeddable":true,"href":"https:\/\/www.van-away.com\/vente-vans\/wp-json\/wp\/v2\/media\/4517"}],"wp:attachment":[{"href":"https:\/\/www.van-away.com\/vente-vans\/wp-json\/wp\/v2\/media?parent=4514"}],"wp:term":[{"taxonomy":"product_brand","embeddable":true,"href":"https:\/\/www.van-away.com\/vente-vans\/wp-json\/wp\/v2\/product_brand?post=4514"},{"taxonomy":"product_cat","embeddable":true,"href":"https:\/\/www.van-away.com\/vente-vans\/wp-json\/wp\/v2\/product_cat?post=4514"},{"taxonomy":"product_tag","embeddable":true,"href":"https:\/\/www.van-away.com\/vente-vans\/wp-json\/wp\/v2\/product_tag?post=4514"},{"taxonomy":"options","embeddable":true,"href":"https:\/\/www.van-away.com\/vente-vans\/wp-json\/wp\/v2\/options?post=4514"}],"curies":[{"name":"wp","href":"https:\/\/api.w.org\/{rel}","templated":true}]}}