{"id":4293,"date":"2025-10-19T14:54:43","date_gmt":"2025-10-19T12:54:43","guid":{"rendered":"https:\/\/www.van-away.com\/vente-vans\/?post_type=product&#038;p=4293"},"modified":"2025-10-19T16:13:41","modified_gmt":"2025-10-19T14:13:41","slug":"burstner-b66-4-places-boite-auto","status":"publish","type":"product","link":"https:\/\/www.van-away.com\/vente-vans\/p\/burstner-b66-4-places-boite-auto","title":{"rendered":"Burstner B66  4 Places Boite auto"},"content":{"rendered":"<p>Nouveaut\u00e9 S\u00e9rie sp\u00e9ciale Burstner B66<\/p>\n<p>Exclusif : Edition sp\u00e9ciale anniversaire : mod\u00e8le sur\u00e9quip\u00e9 \u00e0 ne surtout pas manquer!<\/p>\n<p>4 places assises<\/p>\n<p>3 couchages<br \/>\nBo\u00eete automatique 140 ch 8 Rapports<br \/>\nJantes aluminium 16\u2019\u2019 bicolores<br \/>\nMarchepied \u00e9lectrique<br \/>\nMoustiquaire porte coulissante<br \/>\nR\u00e9chaud 2 feux avec \u00e9vier et plaque de protection en verre<br \/>\nR\u00e9frig\u00e9rateur \u00e0 compression 84l<br \/>\nStation multim\u00e9dia avec cam\u00e9ra et radars de recul<br \/>\nStore ext\u00e9rieur anthracite 3,75 m<br \/>\nPack \u00e9clairage<br \/>\n2 Si\u00e8ges Cuirs rotatifs, couleur Beige + banquette 2 places avec fixation Isofix<br \/>\nSalle de douche \/wc\u00a0 avec porte avec porte s\u00e9parative (vario)<br \/>\nLit 2 places 145&#215;190 + D\u00eenette convertible en couchage<br \/>\nR\u00e9frig\u00e9rateur \u00e0 compression 82 L<br \/>\nStore ext avec \u00e9clairage Led<br \/>\nGrands rangements<\/p>\n","protected":false},"excerpt":{"rendered":"<p>Vous souhaitez essayer ce fourgon am\u00e9nag\u00e9 Burstner B66 avant l&rsquo;achat ? Je vous le propose \u00e0 la location !<\/p>\n","protected":false},"featured_media":4310,"template":"","meta":{"_acf_changed":false,"_seopress_robots_primary_cat":"36","_seopress_titles_title":"","_seopress_titles_desc":"","_seopress_robots_index":"","inline_featured_image":false},"product_brand":[],"product_cat":[36,31],"product_tag":[],"options":[93,113,110,137,138,108,92,105,94],"class_list":{"0":"post-4293","1":"product","2":"type-product","3":"status-publish","4":"has-post-thumbnail","6":"product_cat-fourgon","7":"product_cat-vehicules","9":"first","10":"instock","11":"taxable","12":"shipping-taxable","13":"purchasable","14":"product-type-simple"},"acf":[],"_links":{"self":[{"href":"https:\/\/www.van-away.com\/vente-vans\/wp-json\/wp\/v2\/product\/4293","targetHints":{"allow":["GET"]}}],"collection":[{"href":"https:\/\/www.van-away.com\/vente-vans\/wp-json\/wp\/v2\/product"}],"about":[{"href":"https:\/\/www.van-away.com\/vente-vans\/wp-json\/wp\/v2\/types\/product"}],"wp:featuredmedia":[{"embeddable":true,"href":"https:\/\/www.van-away.com\/vente-vans\/wp-json\/wp\/v2\/media\/4310"}],"wp:attachment":[{"href":"https:\/\/www.van-away.com\/vente-vans\/wp-json\/wp\/v2\/media?parent=4293"}],"wp:term":[{"taxonomy":"product_brand","embeddable":true,"href":"https:\/\/www.van-away.com\/vente-vans\/wp-json\/wp\/v2\/product_brand?post=4293"},{"taxonomy":"product_cat","embeddable":true,"href":"https:\/\/www.van-away.com\/vente-vans\/wp-json\/wp\/v2\/product_cat?post=4293"},{"taxonomy":"product_tag","embeddable":true,"href":"https:\/\/www.van-away.com\/vente-vans\/wp-json\/wp\/v2\/product_tag?post=4293"},{"taxonomy":"options","embeddable":true,"href":"https:\/\/www.van-away.com\/vente-vans\/wp-json\/wp\/v2\/options?post=4293"}],"curies":[{"name":"wp","href":"https:\/\/api.w.org\/{rel}","templated":true}]}}