{"id":4282,"date":"2025-10-19T12:14:15","date_gmt":"2025-10-19T10:14:15","guid":{"rendered":"https:\/\/www.van-away.com\/vente-vans\/?post_type=product&#038;p=4282"},"modified":"2026-04-26T10:00:42","modified_gmt":"2026-04-26T08:00:42","slug":"caravane-caretta-2-3-places","status":"publish","type":"product","link":"https:\/\/www.van-away.com\/vente-vans\/p\/caravane-caretta-2-3-places","title":{"rendered":"Caravane Caretta 2\/3 Places"},"content":{"rendered":"<p>Vente Mini caravane Caretta 2024<\/p>\n<p>Permis B<br \/>\n\u00c9quipements : Galerie + Evier + Douche ext\u00e9rieur +Plaque de cuisson 1 feux (jamais servi) + glaci\u00e8re +jantes alliages + fen\u00eatres avec occultant et moustiquaire<br \/>\nCh\u00e2ssis AL-KO avec frein &amp; t\u00eate stabilisatrice<br \/>\n2 matelas 1 place = lit de\u00a0 150&#215;200<br \/>\nr\u00e9servoir d\u2019eau propre 50L<br \/>\nBatterie 12V + chargeur<br \/>\nPrises 220V CE, \u00e9clairage int\u00e9rieur LED<br \/>\nLanterneau 400&#215;400 mm + ventilation<br \/>\nPneus jantes alu, coffre avant de rangement<\/p>\n<p>Mod\u00e8le Expo comme neuve<\/p>\n","protected":false},"excerpt":{"rendered":"<p>Mini caravane id\u00e9ale pour 2 personnes !<\/p>\n","protected":false},"featured_media":4286,"template":"","meta":{"_acf_changed":false,"_seopress_robots_primary_cat":"none","_seopress_titles_title":"","_seopress_titles_desc":"","_seopress_robots_index":"","inline_featured_image":false},"product_brand":[],"product_cat":[32,37],"product_tag":[],"options":[93,110,92,94,95,101],"class_list":{"0":"post-4282","1":"product","2":"type-product","3":"status-publish","4":"has-post-thumbnail","6":"product_cat-accessoires-amenagements","7":"product_cat-tente-et-caravane","9":"first","10":"instock","11":"taxable","12":"shipping-taxable","13":"purchasable","14":"product-type-simple"},"acf":[],"_links":{"self":[{"href":"https:\/\/www.van-away.com\/vente-vans\/wp-json\/wp\/v2\/product\/4282","targetHints":{"allow":["GET"]}}],"collection":[{"href":"https:\/\/www.van-away.com\/vente-vans\/wp-json\/wp\/v2\/product"}],"about":[{"href":"https:\/\/www.van-away.com\/vente-vans\/wp-json\/wp\/v2\/types\/product"}],"wp:featuredmedia":[{"embeddable":true,"href":"https:\/\/www.van-away.com\/vente-vans\/wp-json\/wp\/v2\/media\/4286"}],"wp:attachment":[{"href":"https:\/\/www.van-away.com\/vente-vans\/wp-json\/wp\/v2\/media?parent=4282"}],"wp:term":[{"taxonomy":"product_brand","embeddable":true,"href":"https:\/\/www.van-away.com\/vente-vans\/wp-json\/wp\/v2\/product_brand?post=4282"},{"taxonomy":"product_cat","embeddable":true,"href":"https:\/\/www.van-away.com\/vente-vans\/wp-json\/wp\/v2\/product_cat?post=4282"},{"taxonomy":"product_tag","embeddable":true,"href":"https:\/\/www.van-away.com\/vente-vans\/wp-json\/wp\/v2\/product_tag?post=4282"},{"taxonomy":"options","embeddable":true,"href":"https:\/\/www.van-away.com\/vente-vans\/wp-json\/wp\/v2\/options?post=4282"}],"curies":[{"name":"wp","href":"https:\/\/api.w.org\/{rel}","templated":true}]}}

<p>Vente Mini caravane Caretta 2024</p>
<p>Permis B<br />
Équipements : Galerie + Evier + Douche extérieur +Plaque de cuisson 1 feux (jamais servi) + glacière +jantes alliages + fenêtres avec occultant et moustiquaire<br />
Châssis AL-KO avec frein &amp; tête stabilisatrice<br />
2 matelas 1 place = lit de  150&#215;200<br />
réservoir d’eau propre 50L<br />
Batterie 12V + chargeur<br />
Prises 220V CE, éclairage intérieur LED<br />
Lanterneau 400&#215;400 mm + ventilation<br />
Pneus jantes alu, coffre avant de rangement</p>
<p>Modèle Expo comme neuve</p>

<p>Mini caravane idéale pour 2 personnes !</p>
