{"id":3159,"date":"2025-09-10T11:42:58","date_gmt":"2025-09-10T09:42:58","guid":{"rendered":"https:\/\/www.van-away.com\/vente-vans\/?post_type=product&#038;p=3159"},"modified":"2026-03-07T16:52:55","modified_gmt":"2026-03-07T15:52:55","slug":"van-volkswagen-nouveau-california-t7-2025-boite-auto-parfaitement-equipe","status":"publish","type":"product","link":"https:\/\/www.van-away.com\/vente-vans\/p\/van-volkswagen-nouveau-california-t7-2025-boite-auto-parfaitement-equipe","title":{"rendered":"Nouveau California T7 Coast VENDU"},"content":{"rendered":"<p>Nouveau Volkswagen California T7 Coast bo\u00eete automatique 150 CV, id\u00e9alement configur\u00e9 1\u00e8re main immatricul\u00e9 30\/06\/2025 Garantie 5 ans<\/p>\n<p>(Semi-covering en option selon vos souhaits)<\/p>\n<p>&nbsp;<\/p>\n","protected":false},"excerpt":{"rendered":"<p>Nouveau Volkswagen California T7 Coast, encore plus de confort et d\u2019innovation\u00a0 avec cuisine donnant sur l&rsquo;ext\u00e9rieur!<\/p>\n<p>Ce van allie le charme iconique du California \u00e0 des technologie modernes, un confort de route in\u00e9gal\u00e9 et des finitions et mat\u00e9riaux soign\u00e9es!<\/p>\n<p>Le gros plus: garantie 5 ans dans tout le r\u00e9seau Volkswagen!<\/p>\n<p>Etat impeccable garanti pour livraison<\/p>\n<p>On vous propose des visios pour d\u00e9couvrir ce van<\/p>\n","protected":false},"featured_media":3741,"template":"","meta":{"_acf_changed":false,"_seopress_robots_primary_cat":"none","_seopress_titles_title":"","_seopress_titles_desc":"","_seopress_robots_index":"","inline_featured_image":false},"product_brand":[],"product_cat":[35,31],"product_tag":[],"options":[93,132,108,92,105,101],"class_list":{"0":"post-3159","1":"product","2":"type-product","3":"status-publish","4":"has-post-thumbnail","6":"product_cat-van","7":"product_cat-vehicules","9":"first","10":"instock","11":"taxable","12":"shipping-taxable","13":"purchasable","14":"product-type-simple"},"acf":[],"_links":{"self":[{"href":"https:\/\/www.van-away.com\/vente-vans\/wp-json\/wp\/v2\/product\/3159","targetHints":{"allow":["GET"]}}],"collection":[{"href":"https:\/\/www.van-away.com\/vente-vans\/wp-json\/wp\/v2\/product"}],"about":[{"href":"https:\/\/www.van-away.com\/vente-vans\/wp-json\/wp\/v2\/types\/product"}],"wp:featuredmedia":[{"embeddable":true,"href":"https:\/\/www.van-away.com\/vente-vans\/wp-json\/wp\/v2\/media\/3741"}],"wp:attachment":[{"href":"https:\/\/www.van-away.com\/vente-vans\/wp-json\/wp\/v2\/media?parent=3159"}],"wp:term":[{"taxonomy":"product_brand","embeddable":true,"href":"https:\/\/www.van-away.com\/vente-vans\/wp-json\/wp\/v2\/product_brand?post=3159"},{"taxonomy":"product_cat","embeddable":true,"href":"https:\/\/www.van-away.com\/vente-vans\/wp-json\/wp\/v2\/product_cat?post=3159"},{"taxonomy":"product_tag","embeddable":true,"href":"https:\/\/www.van-away.com\/vente-vans\/wp-json\/wp\/v2\/product_tag?post=3159"},{"taxonomy":"options","embeddable":true,"href":"https:\/\/www.van-away.com\/vente-vans\/wp-json\/wp\/v2\/options?post=3159"}],"curies":[{"name":"wp","href":"https:\/\/api.w.org\/{rel}","templated":true}]}}