{"id":2869,"date":"2025-07-18T12:12:09","date_gmt":"2025-07-18T10:12:09","guid":{"rendered":"https:\/\/www.van-away.com\/vente-vans\/?post_type=product&#038;p=2869"},"modified":"2026-02-23T17:54:08","modified_gmt":"2026-02-23T16:54:08","slug":"fourgon-burstner-campeoc600","status":"publish","type":"product","link":"https:\/\/www.van-away.com\/vente-vans\/p\/fourgon-burstner-campeoc600","title":{"rendered":"FOURGON BURSTNER CAMPEO C600"},"content":{"rendered":"<p>&nbsp;<\/p>\n<p>Fourgon consid\u00e9r\u00e9 comme une r\u00e9f\u00e9rence incontournable du march\u00e9 alliant confort et fiabilit\u00e9<\/p>\n","protected":false},"excerpt":{"rendered":"<p>Fourgon grand confort et de belle finition, port\u00e9 par le tout nouveau Fiat Ducato 140cv<img loading=\"lazy\" decoding=\"async\" class=\"alignnone size-medium wp-image-2873\" src=\"https:\/\/www.van-away.com\/vente-vans\/wp-content\/uploads\/img_6977-red-206x300.png\" alt=\"fourgon burstner campeoc600\" width=\"206\" height=\"300\" srcset=\"https:\/\/www.van-away.com\/vente-vans\/wp-content\/uploads\/img_6977-red-206x300.png 206w, https:\/\/www.van-away.com\/vente-vans\/wp-content\/uploads\/img_6977-red.png 274w\" sizes=\"(max-width: 206px) 100vw, 206px\" \/><\/p>\n","protected":false},"featured_media":2872,"template":"","meta":{"_acf_changed":false,"_seopress_robots_primary_cat":"none","_seopress_titles_title":"","_seopress_titles_desc":"","_seopress_robots_index":"","inline_featured_image":false},"product_brand":[],"product_cat":[36,31],"product_tag":[],"options":[93,113,110,96,92,111,101],"class_list":{"0":"post-2869","1":"product","2":"type-product","3":"status-publish","4":"has-post-thumbnail","6":"product_cat-fourgon","7":"product_cat-vehicules","9":"first","10":"instock","11":"taxable","12":"shipping-taxable","13":"purchasable","14":"product-type-simple"},"acf":[],"_links":{"self":[{"href":"https:\/\/www.van-away.com\/vente-vans\/wp-json\/wp\/v2\/product\/2869","targetHints":{"allow":["GET"]}}],"collection":[{"href":"https:\/\/www.van-away.com\/vente-vans\/wp-json\/wp\/v2\/product"}],"about":[{"href":"https:\/\/www.van-away.com\/vente-vans\/wp-json\/wp\/v2\/types\/product"}],"wp:featuredmedia":[{"embeddable":true,"href":"https:\/\/www.van-away.com\/vente-vans\/wp-json\/wp\/v2\/media\/2872"}],"wp:attachment":[{"href":"https:\/\/www.van-away.com\/vente-vans\/wp-json\/wp\/v2\/media?parent=2869"}],"wp:term":[{"taxonomy":"product_brand","embeddable":true,"href":"https:\/\/www.van-away.com\/vente-vans\/wp-json\/wp\/v2\/product_brand?post=2869"},{"taxonomy":"product_cat","embeddable":true,"href":"https:\/\/www.van-away.com\/vente-vans\/wp-json\/wp\/v2\/product_cat?post=2869"},{"taxonomy":"product_tag","embeddable":true,"href":"https:\/\/www.van-away.com\/vente-vans\/wp-json\/wp\/v2\/product_tag?post=2869"},{"taxonomy":"options","embeddable":true,"href":"https:\/\/www.van-away.com\/vente-vans\/wp-json\/wp\/v2\/options?post=2869"}],"curies":[{"name":"wp","href":"https:\/\/api.w.org\/{rel}","templated":true}]}}