{"id":203,"date":"2021-07-04T14:45:42","date_gmt":"2021-07-04T12:45:42","guid":{"rendered":"https:\/\/van-away-shop.d.pilot-in.net\/index.php\/product\/kit-amenagement-demontable-combeing\/"},"modified":"2025-08-07T17:59:33","modified_gmt":"2025-08-07T15:59:33","slug":"kit-amenagement-demontable-combeing","status":"publish","type":"product","link":"https:\/\/www.van-away.com\/vente-vans\/p\/kit-amenagement-demontable-combeing","title":{"rendered":"Kit am\u00e9nagement modulable COMBEING"},"content":{"rendered":"<h3>\u00e0 partir de 1.990 \u20ac<\/h3>\n<p>Quatre kits compatibles avec tous les vans et fourgons pour transformer votre v\u00e9hicule en chambre d&rsquo;h\u00f4tel sur 4 roues : plaque de sol, modules rangement-lit, cuisine et WC (options)<\/p>\n<p>Les<strong> kits amovibles<\/strong> de la marque <a href=\"https:\/\/combeing.fr\/\" target=\"_blank\" rel=\"noopener\">COMBEING<\/a> vous permettent de <strong>transformer<\/strong> en quelques secondes votre ludospace, van ou fourgon en <strong>v\u00e9hicule de loisir<\/strong> !<\/p>\n<p>Une fois les plaques de sol install\u00e9es, disposez vos modules comme bon vous semble pour <strong>cr\u00e9er votre propre espace de vie et de nuit<\/strong> ! Multiples combinaisons possibles : cuisine \u00e0 l&rsquo;avant, \u00e0 l&rsquo;arri\u00e8re, lit double, lits simples, espace pour vos v\u00e9los, vos planches de surf&#8230; votre <strong>imagination<\/strong> sera sans limites !<\/p>\n<p>Choisissez votre kit, vos couleurs, votre univers : contactez votre agence VAN-AWAY pour d\u00e9couvrir toutes les options disponibles et <strong>tester le kit dans votre v\u00e9hicule<\/strong> !<\/p>\n<p><strong>Fabrication fran\u00e7aise<\/strong> en Haute Loire par notre partenaire COMBEING, et <strong>disponible dans le r\u00e9seau VAN-AWAY<\/strong> pour une <strong>installation dans votre propre van<\/strong>.<\/p>\n","protected":false},"excerpt":{"rendered":"<p class=\"sous-titre\">L&rsquo;am\u00e9nagement id\u00e9al pour 2\/3 personnes\u2026<\/p>\n<p class=\"l2\">Location Tente de toit Arizona<\/p>\n<ul class=\"icon\">\n<li style=\"list-style-type: none;\">\n<ul class=\"icon\">\n<li><img decoding=\"async\" src=\"https:\/\/www.van-away.com\/wp-content\/uploads\/2019\/03\/Groupe-207.png\" \/> x2<\/li>\n<\/ul>\n<\/li>\n<\/ul>\n<p class=\"l3\">A partir de*<\/p>\n<p class=\"l4\">A partir de 5500\u20acTTC<\/p>\n","protected":false},"featured_media":1458,"template":"","meta":{"_acf_changed":false,"_seopress_robots_primary_cat":"58","_seopress_titles_title":"","_seopress_titles_desc":"","_seopress_robots_index":"","inline_featured_image":false},"product_brand":[],"product_cat":[32,58],"product_tag":[],"options":[],"class_list":{"0":"post-203","1":"product","2":"type-product","3":"status-publish","4":"has-post-thumbnail","6":"product_cat-accessoires-amenagements","7":"product_cat-kit","9":"first","10":"instock","11":"purchasable","12":"product-type-simple"},"acf":[],"_links":{"self":[{"href":"https:\/\/www.van-away.com\/vente-vans\/wp-json\/wp\/v2\/product\/203","targetHints":{"allow":["GET"]}}],"collection":[{"href":"https:\/\/www.van-away.com\/vente-vans\/wp-json\/wp\/v2\/product"}],"about":[{"href":"https:\/\/www.van-away.com\/vente-vans\/wp-json\/wp\/v2\/types\/product"}],"wp:featuredmedia":[{"embeddable":true,"href":"https:\/\/www.van-away.com\/vente-vans\/wp-json\/wp\/v2\/media\/1458"}],"wp:attachment":[{"href":"https:\/\/www.van-away.com\/vente-vans\/wp-json\/wp\/v2\/media?parent=203"}],"wp:term":[{"taxonomy":"product_brand","embeddable":true,"href":"https:\/\/www.van-away.com\/vente-vans\/wp-json\/wp\/v2\/product_brand?post=203"},{"taxonomy":"product_cat","embeddable":true,"href":"https:\/\/www.van-away.com\/vente-vans\/wp-json\/wp\/v2\/product_cat?post=203"},{"taxonomy":"product_tag","embeddable":true,"href":"https:\/\/www.van-away.com\/vente-vans\/wp-json\/wp\/v2\/product_tag?post=203"},{"taxonomy":"options","embeddable":true,"href":"https:\/\/www.van-away.com\/vente-vans\/wp-json\/wp\/v2\/options?post=203"}],"curies":[{"name":"wp","href":"https:\/\/api.w.org\/{rel}","templated":true}]}}