{"id":145,"date":"2024-04-08T13:14:31","date_gmt":"2024-04-08T11:14:31","guid":{"rendered":"https:\/\/van-away-shop.d.pilot-in.net\/index.php\/product\/fourgon-black-forest-campeo-600-2024\/"},"modified":"2026-03-07T17:04:25","modified_gmt":"2026-03-07T16:04:25","slug":"fourgon-black-forest-campeo-600-2024","status":"publish","type":"product","link":"https:\/\/www.van-away.com\/vente-vans\/p\/fourgon-black-forest-campeo-600-2024","title":{"rendered":"Fourgon am\u00e9nag\u00e9  VENDU"},"content":{"rendered":"<p>Un fourgon id\u00e9al pour 4 personnes, avec un look sympa gr\u00e2ce au pack Blackforest !<\/p>\n<p>Parfait \u00e9tat<\/p>\n","protected":false},"excerpt":{"rendered":"<p>BLACK FOREST C600 CITROEN JUMPER 140CV + PACK ACTIVE + CAMPEO +MULTIMEDIA+ ATTELAGE + PANNEAUX SOLAIRE<\/p>\n<p>Disponibilit\u00e9 courant Juillet \u00e0 convenir<\/p>\n","protected":false},"featured_media":770,"template":"","meta":{"_acf_changed":false,"_seopress_robots_primary_cat":"none","_seopress_titles_title":"","_seopress_titles_desc":"","_seopress_robots_index":"","inline_featured_image":false},"product_brand":[],"product_cat":[36,31],"product_tag":[],"options":[108,107,92,109,105],"class_list":{"0":"post-145","1":"product","2":"type-product","3":"status-publish","4":"has-post-thumbnail","6":"product_cat-fourgon","7":"product_cat-vehicules","9":"first","10":"instock","11":"purchasable","12":"product-type-simple"},"acf":[],"_links":{"self":[{"href":"https:\/\/www.van-away.com\/vente-vans\/wp-json\/wp\/v2\/product\/145","targetHints":{"allow":["GET"]}}],"collection":[{"href":"https:\/\/www.van-away.com\/vente-vans\/wp-json\/wp\/v2\/product"}],"about":[{"href":"https:\/\/www.van-away.com\/vente-vans\/wp-json\/wp\/v2\/types\/product"}],"wp:featuredmedia":[{"embeddable":true,"href":"https:\/\/www.van-away.com\/vente-vans\/wp-json\/wp\/v2\/media\/770"}],"wp:attachment":[{"href":"https:\/\/www.van-away.com\/vente-vans\/wp-json\/wp\/v2\/media?parent=145"}],"wp:term":[{"taxonomy":"product_brand","embeddable":true,"href":"https:\/\/www.van-away.com\/vente-vans\/wp-json\/wp\/v2\/product_brand?post=145"},{"taxonomy":"product_cat","embeddable":true,"href":"https:\/\/www.van-away.com\/vente-vans\/wp-json\/wp\/v2\/product_cat?post=145"},{"taxonomy":"product_tag","embeddable":true,"href":"https:\/\/www.van-away.com\/vente-vans\/wp-json\/wp\/v2\/product_tag?post=145"},{"taxonomy":"options","embeddable":true,"href":"https:\/\/www.van-away.com\/vente-vans\/wp-json\/wp\/v2\/options?post=145"}],"curies":[{"name":"wp","href":"https:\/\/api.w.org\/{rel}","templated":true}]}}